highest common factor of 351 and 117?
117
What is the highest common divisor of 37 and 53?
1
Calculate the greatest common divisor of 540 and 90.
90
Calculate the greatest common factor of 33 and 3949.
11
Calculate the highest common factor of 27 and 15.
3
What is the greatest common factor of 204 and 20?
4
Calculate the highest common factor of 17430 and 249.
249
Calculate the greatest common factor of 8 and 200.
8
What is the greatest common divisor of 120 and 3760?
40
Calculate the greatest common factor of 1224 and 96.
24
Calculate the greatest common divisor of 540 and 5340.
60
What is the greatest common factor of 60 and 105?
15
Calculate the greatest common factor of 30 and 5430.
30
Calculate the highest common divisor of 208 and 312.
104
Calculate the highest common divisor of 90 and 144.
18
What is the greatest common factor of 4137 and 315?
21
Calculate the highest common factor of 2 and 206.
2
What is the highest common divisor of 16 and 1636?
4
Calculate the greatest common divisor of 4420 and 20.
20
What is the highest common divisor of 55 and 2035?
55
Calculate the highest common factor of 112 and 1316.
28
Calculate the greatest common divisor of 24 and 18.
6
Calculate the greatest common divisor of 328 and 104.
8
What is the highest common divisor of 1595 and 88?
11
What is the greatest common divisor of 247 and 767?
13
What is the highest common divisor of 819 and 3094?
91
Calculate the highest common divisor of 129 and 1591.
43
What is the greatest common divisor of 149 and 4619?
149
What is the highest common divisor of 162 and 360?
18
What is the greatest common factor of 205 and 12505?
205
What is the greatest common factor of 20 and 12250?
10
What is the greatest common divisor of 1185 and 3318?
237
What is the greatest common factor of 45 and 15?
15
What is the greatest common divisor of 21022 and 230?
46
What is the greatest common factor of 663 and 136?
17
Calculate the highest common divisor of 54 and 18.
18
What is the greatest common divisor of 48 and 2316?
12
Calculate the highest common divisor of 339 and 452.
113
What is the highest common factor of 60 and 2060?
20
What is the highest common factor of 5494 and 134?
134
Calculate the greatest common factor of 905 and 15.
5
Calculate the greatest common factor of 477 and 53.
53
Calculate the greatest common factor of 120 and 75.
15
What is the highest common factor of 36 and 99?
9
What is the greatest common divisor of 1807 and 104?
13
What is the greatest common divisor of 135 and 45?
45
What is the highest common factor of 12864 and 134?
134
What is the greatest common factor of 65 and 2405?
65
Calculate the greatest common divisor of 865 and 2941.
173
What is the greatest common factor of 264 and 72?
24
What is the greatest common factor of 135 and 7335?
45
What is the greatest common divisor of 1566 and 58?
58
Calculate the highest common factor of 240 and 795.
15
What is the greatest common divisor of 20 and 65?
5
What is the greatest common factor of 767 and 299?
13
Calculate the highest common divisor of 3732 and 12.
12
What is the greatest common factor of 12 and 138?
6
Calculate the greatest common divisor of 558 and 324.
18
Calculate the highest common divisor of 16893 and 9.
9
What is the highest common divisor of 156 and 104?
52
What is the greatest common factor of 15250 and 250?
250
Calculate the highest common factor of 48 and 2328.
24
What is the greatest common factor of 112 and 144?
16
What is the highest common divisor of 48 and 16?
16
What is the highest common divisor of 201 and 1072?
67
What is the highest common factor of 2296 and 252?
28
What is the greatest common factor of 125 and 400?
25
What is the highest common divisor of 228 and 384?
12
Calculate the greatest common divisor of 1591 and 37.
37
Calculate the highest common factor of 63 and 343.
7
What is the highest common divisor of 17 and 4369?
17
What is the greatest common factor of 160 and 40?
40
What is the highest common divisor of 640 and 544?
32
What is the greatest common factor of 966 and 230?
46
What is the greatest common divisor of 2 and 29?
1
What is the highest common factor of 12 and 112?
4
What is the highest common factor of 5836 and 4?
4
Calculate the greatest common factor of 667 and 46.
23
Calculate the greatest common factor of 1754 and 2.
2
Calculate the greatest common divisor of 96 and 18.
6
What is the greatest common divisor of 3830 and 10?
10
Calculate the highest common divisor of 25 and 185.
5
Calculate the greatest common factor of 27 and 9441.
9
What is the greatest common factor of 1419 and 33?
33
Calculate the highest common factor of 1116 and 18.
18
What is the highest common factor of 54 and 1107?
27
Calculate the highest common divisor of 8277 and 93.
93
What is the greatest common divisor of 2 and 6?
2
What is the highest common factor of 70 and 17710?
70
Calculate the greatest common divisor of 555 and 105.
15
What is the highest common factor of 205 and 10?
5
Calculate the greatest common factor of 949 and 13.
13
Calculate the highest common factor of 4 and 3550.
2
What is the highest common divisor of 29010 and 30?
30
Calculate the greatest common factor of 174 and 609.
87
What is the greatest common divisor of 24 and 5196?
12
What is the highest common divisor of 438 and 16790?
146
Calculate the highest common factor of 336 and 14.
14
Calculate the greatest common divisor of 56 and 1316.
28
Calculate the greatest common factor of 126382 and 58.
58
What is the highest common divisor of 5271 and 21?
21
Calculate the highest common factor of 39 and 4771.
13
Calculate the highest common factor of 86 and 473.
43
What is the highest common factor of 40098 and 246?
246
What is the highest common divisor of 52 and 2?
2
What is the highest common factor of 1179 and 3?
3
What is the greatest common divisor of 160 and 2592?
32
What is the greatest common factor of 3225 and 1050?
75
What is the greatest common factor of 3290 and 1890?
70
What is the greatest common divisor of 4693 and 38?
19
What is the greatest common factor of 2346 and 138?
138
What is the greatest common factor of 1647 and 81?
27
Calculate the highest common divisor of 5 and 1205.
5
What is the highest common divisor of 214 and 5243?
107
What is the highest common factor of 18 and 27945?
9
Calculate the greatest common divisor of 7 and 2023.
7
Calculate the highest common factor of 671 and 6893.
61
What is the highest common factor of 1148 and 84?
28
Calculate the highest common factor of 6052 and 1224.
68
What is the highest common divisor of 256 and 448?
64
Calculate the greatest common divisor of 134 and 11323.
67
What is the highest common factor of 11856 and 171?
57
What is the greatest common factor of 106 and 901?
53
Calculate the greatest common factor of 8 and 5520.
8
Calculate the greatest common factor of 2015 and 390.
65
What is the highest common divisor of 76 and 5035?
19
What is the greatest common divisor of 54 and 4815?
9
Calculate the greatest common factor of 711 and 18.
9
What is the highest common factor of 456 and 24?
24
Calculate the highest common factor of 104 and 25480.
104
What is the greatest common factor of 5600 and 100?
100
Calculate the greatest common factor of 172 and 2795.
43
What is the highest common divisor of 288 and 9?
9
Calculate the highest common divisor of 1313 and 26.
13
What is the highest common divisor of 2080 and 65?
65
Calculate the greatest common divisor of 2212 and 70.
14
What is the greatest common factor of 24 and 124?
4
What is the highest common factor of 399 and 285?
57
Calculate the highest common factor of 196 and 1127.
49
Calculate the highest common divisor of 30 and 60.
30
Calculate the highest common divisor of 35 and 8764.
7
What is the greatest common factor of 74 and 74?
74
What is the greatest common divisor of 9168 and 24?
24
What is the greatest common divisor of 1449 and 69?
69
Calculate the highest common factor of 891 and 143.
11
Calculate the highest common divisor of 24 and 204.
12
What is the greatest common factor of 1849 and 172?
43
What is the greatest common factor of 59 and 944?
59
What is the highest common divisor of 22 and 2024?
22
Calculate the highest common divisor of 100 and 550.
50
Calculate the